{"id":2450,"date":"2025-07-27T15:41:40","date_gmt":"2025-07-27T15:41:40","guid":{"rendered":"https:\/\/staging.obl-eupen-kettenis.be\/?page_id=2450"},"modified":"2026-03-02T09:23:48","modified_gmt":"2026-03-02T09:23:48","slug":"impressum","status":"publish","type":"page","link":"https:\/\/obl-eupen-kettenis.be\/?page_id=2450","title":{"rendered":"Impressum &amp; Allgemeine Gesch\u00e4ftsbedingungen (AGB)"},"content":{"rendered":"\n<p><strong>Betreiber \/ Verantwortlich f\u00fcr den Inhalt:<\/strong><br>OBL Eupen-Kettenis<br>Adresse: Vervierser Stra\u00dfe 15, 4700 Eupen, Belgien<br>Website: <a href=\"https:\/\/staging.obl-eupen-kettenis.be\">https:\/\/obl-eupen-kettenis.be<\/a><\/p>\n\n\n\n<p><strong>Vertreten durch:<\/strong><br>Philippe Klein, Pr\u00e4sident<\/p>\n\n\n\n<p><strong>Haftung f\u00fcr Inhalte:<\/strong><br>Die Inhalte dieser Website werden mit gr\u00f6\u00dftm\u00f6glicher Sorgfalt erstellt. F\u00fcr die Richtigkeit, Vollst\u00e4ndigkeit und Aktualit\u00e4t der Inhalte k\u00f6nnen wir jedoch keine Gew\u00e4hr \u00fcbernehmen.<\/p>\n\n\n\n<p><strong>Haftung f\u00fcr Links:<\/strong><br>Unsere Website kann Links zu externen Websites Dritter enthalten. F\u00fcr die Inhalte dieser Seiten \u00fcbernehmen wir keine Verantwortung.<\/p>\n\n\n\n<p><strong>Urheberrecht:<\/strong><br>Alle Inhalte auf dieser Website, insbesondere Texte, Bilder, Grafiken und Logos, sind urheberrechtlich gesch\u00fctzt. Die Vervielf\u00e4ltigung oder Nutzung der Inhalte bedarf der vorherigen schriftlichen Zustimmung des Betreibers.<\/p>\n\n\n\n<hr class=\"wp-block-separator has-alpha-channel-opacity\"\/>\n\n\n\n<h2 class=\"wp-block-heading\">Nutzungsbedingungen der Website<\/h2>\n\n\n\n<p><strong>Offene B\u00fcrgerliste Eupen-Kettenis (OBL)<\/strong><\/p>\n\n\n\n<h3 class=\"wp-block-heading\">1. Geltungsbereich<\/h3>\n\n\n\n<p>Diese Nutzungsbedingungen gelten f\u00fcr die Nutzung der Website der Offenen B\u00fcrgerliste Eupen-Kettenis (OBL). Mit dem Zugriff auf diese Website erkl\u00e4ren Sie sich mit den nachfolgenden Bestimmungen einverstanden.<\/p>\n\n\n\n<h3 class=\"wp-block-heading\">2. Inhalte der Website<\/h3>\n\n\n\n<p>Die Inhalte dieser Website dienen der Information \u00fcber die Aktivit\u00e4ten, Positionen und Veranstaltungen der Offenen B\u00fcrgerliste Eupen-Kettenis.<\/p>\n\n\n\n<p>Die OBL bem\u00fcht sich um die Richtigkeit und Aktualit\u00e4t der bereitgestellten Informationen, \u00fcbernimmt jedoch keine Gew\u00e4hr f\u00fcr Vollst\u00e4ndigkeit, Aktualit\u00e4t oder Fehlerfreiheit.<\/p>\n\n\n\n<h3 class=\"wp-block-heading\">3. Haftung<\/h3>\n\n\n\n<p>Die Nutzung der Inhalte der Website erfolgt auf eigene Verantwortung.<\/p>\n\n\n\n<p>Die Offene B\u00fcrgerliste Eupen-Kettenis haftet nicht f\u00fcr Sch\u00e4den, die direkt oder indirekt aus der Nutzung der auf dieser Website bereitgestellten Informationen entstehen, soweit gesetzlich zul\u00e4ssig.<\/p>\n\n\n\n<h3 class=\"wp-block-heading\">4. Externe Links<\/h3>\n\n\n\n<p>Diese Website kann Links zu externen Websites enthalten. F\u00fcr die Inhalte dieser externen Seiten sind ausschlie\u00dflich deren Betreiber verantwortlich. Zum Zeitpunkt der Verlinkung waren keine rechtswidrigen Inhalte erkennbar.<\/p>\n\n\n\n<h3 class=\"wp-block-heading\">5. Urheberrecht<\/h3>\n\n\n\n<p>Die auf dieser Website ver\u00f6ffentlichten Inhalte (Texte, Bilder, Grafiken und sonstige Materialien) unterliegen dem Urheberrecht. Eine Verwendung au\u00dferhalb der gesetzlichen Grenzen bedarf der vorherigen Zustimmung der Offenen B\u00fcrgerliste Eupen-Kettenis.<\/p>\n\n\n\n<h3 class=\"wp-block-heading\">6. Datenschutz<\/h3>\n\n\n\n<p>Informationen zur Verarbeitung personenbezogener Daten finden Sie in unserer Datenschutzerkl\u00e4rung.<\/p>\n\n\n\n<h3 class=\"wp-block-heading\">7. Anwendbares Recht<\/h3>\n\n\n\n<p>Es gilt belgisches Recht, soweit gesetzlich zul\u00e4ssig.<\/p>\n","protected":false},"excerpt":{"rendered":"<p>Betreiber \/ Verantwortlich f\u00fcr den Inhalt:OBL Eupen-KettenisAdresse: Vervierser Stra\u00dfe 15, 4700 Eupen, BelgienWebsite: https:\/\/obl-eupen-kettenis.be Vertreten durch:Philippe Klein, Pr\u00e4sident Haftung f\u00fcr Inhalte:Die Inhalte dieser Website werden mit gr\u00f6\u00dftm\u00f6glicher Sorgfalt erstellt. F\u00fcr die Richtigkeit, Vollst\u00e4ndigkeit und Aktualit\u00e4t der Inhalte k\u00f6nnen wir jedoch keine Gew\u00e4hr \u00fcbernehmen. Haftung f\u00fcr Links:Unsere Website kann Links zu externen Websites Dritter enthalten. F\u00fcr [&hellip;]<\/p>\n","protected":false},"author":1,"featured_media":0,"parent":0,"menu_order":0,"comment_status":"closed","ping_status":"closed","template":"","meta":{"footnotes":""},"class_list":["post-2450","page","type-page","status-publish","hentry"],"_links":{"self":[{"href":"https:\/\/obl-eupen-kettenis.be\/index.php?rest_route=\/wp\/v2\/pages\/2450","targetHints":{"allow":["GET"]}}],"collection":[{"href":"https:\/\/obl-eupen-kettenis.be\/index.php?rest_route=\/wp\/v2\/pages"}],"about":[{"href":"https:\/\/obl-eupen-kettenis.be\/index.php?rest_route=\/wp\/v2\/types\/page"}],"author":[{"embeddable":true,"href":"https:\/\/obl-eupen-kettenis.be\/index.php?rest_route=\/wp\/v2\/users\/1"}],"replies":[{"embeddable":true,"href":"https:\/\/obl-eupen-kettenis.be\/index.php?rest_route=%2Fwp%2Fv2%2Fcomments&post=2450"}],"version-history":[{"count":4,"href":"https:\/\/obl-eupen-kettenis.be\/index.php?rest_route=\/wp\/v2\/pages\/2450\/revisions"}],"predecessor-version":[{"id":2917,"href":"https:\/\/obl-eupen-kettenis.be\/index.php?rest_route=\/wp\/v2\/pages\/2450\/revisions\/2917"}],"wp:attachment":[{"href":"https:\/\/obl-eupen-kettenis.be\/index.php?rest_route=%2Fwp%2Fv2%2Fmedia&parent=2450"}],"curies":[{"name":"wp","href":"https:\/\/api.w.org\/{rel}","templated":true}]}}